)/8 - -36?
10
Suppose 6*q - 1980 = -4*q. Let t = 205 - q. What is the remainder when 26 is divided by t?
5
Let d = 261 + 396. What is the remainder when 1318 is divided by d?
4
Let j = 425 - 271. Suppose j*r - 160*r = -222. What is the remainder when 171 is divided by r?
23
Suppose -223*a = -257*a + 3672. Calculate the remainder when 647 is divided by a.
107
Let g = 273 + -367. Let m = g - -104. What is the remainder when 36 is divided by m?
6
Calculate the remainder when (-732940)/(-100) + (-12)/30 is divided by 12.
9
Let o be (-46500)/(-27) + 4/(-18). Suppose 2*c = 2*v - o, 2*v + 2*v + 4*c - 3420 = 0. What is the remainder when (-3)/5 - v/(-30) is divided by 15?
13
Let c = 154 + -95. Suppose -81 = -f - c. Calculate the remainder when f is divided by 3.
1
Let a = 1177 - 765. Let u = -387 + a. What is the remainder when (-6)/(-9) - 428/(-6) is divided by u?
22
Let a = -12 - -17. Suppose -624 = -10*h + 2*h. What is the remainder when (27/6)/(-3)*(-416)/h is divided by a?
3
Let w = -9355 - -9474. Let c be -2 + 1 + -2 + 22. Suppose -n + 11 = -c. Calculate the remainder when w is divided by n.
29
Suppose -13*s + 19*s - 24 = 0. Suppose 26 = g + s*x, -13*x + 14*x - 59 = -4*g. What is the remainder when g is divided by 7?
0
Suppose 3*x + 5*i = -21, -2*x - i = x + 9. Let l(a) = a**3 + 11*a**2 - 9*a + 5. Calculate the remainder when l(-7) is divided by ((-45)/180)/(x/304).
36
What is the remainder when 160881/326*(-2)/(-7) is divided by 18?
15
Suppose 139*j - 758238 - 391014 = 0. What is the remainder when j is divided by 2756?
0
Let h be ((-3)/(-2))/((-22)/4 - -7). Let x be (1 - (h + -3))*(-6)/(-9). Suppose 0 = 4*r - x*r - 346. What is the remainder when r is divided by 29?
28
Suppose 0 = 5*a - 65 + 10. Suppose -2*j - 32*j - 145*j = -5012. Calculate the remainder when j is divided by a.
6
Let j = 1985 + -1967. Calculate the remainder when 1108 is divided by j.
10
Suppose 0 = 432*n - 437*n. Suppose y = -2*g + 3*y + 36, n = -3*y - 9. What is the remainder when 22 is divided by g?
7
Let l(t) = 6*t**3 - 4*t**2 + 2*t. Suppose 28*q = 4159 - 296 + 10165. Calculate the remainder when q is divided by l(2).
33
Let r(p) = 13*p - 1. Calculate the remainder when r(9) is divided by 50.
16
Calculate the remainder when 1140 + (-6 - (2 + 12)) is divided by 105.
70
Suppose 8056 = -149*u + 22956. What is the remainder when 804 is divided by u?
4
Suppose 5*r - 14175 = 5*k, -2*r - 6*k = -2*k - 5640. Suppose 0 = -37*d - 314 + r. What is the remainder when d is divided by 2?
0
Suppose 50*g + 39 = 64*g + 11. What is the remainder when 1891 is divided by g?
1
Suppose -7 = -5*z + 4*p, 3*z - 8 = z - p. Suppose z*h = -2*k + 131, -3*k + 6*k + 111 = 3*h. Let d = 7 - -7. Calculate the remainder when h is divided by d.
13
Let t(k) = -30*k - 158. Let h(a) = 28*a + 160. Let f(q) = 4*h(q) + 3*t(q). What is the remainder when 118 is divided by f(-6)?
16
Suppose -77*s - 18694 = -48724. Calculate the remainder when s is divided by 71.
35
Suppose 5*g = 16*n - 21*n + 6870, 3*g = -2*n + 2751. Calculate the remainder when n is divided by 23.
14
Calculate the remainder when 29 is divided by 2*(123/(-287) + (-17)/(-7)).
1
Let i be -8 - -477 - (-18)/(-3). Let q = i + -419. What is the remainder when q is divided by 12?
8
Let p = -344 - -125. Let u = p - -226. Calculate the remainder when 61 is divided by u.
5
Let b be 2 + 0 + -3 + 1. Suppose -i - i + 4 = b. Suppose -3*m - 6 + 45 = i*p, -4*m = 2*p - 50. What is the remainder when 30 is divided by m?
8
Let q = 202 - 198. Calculate the remainder when 43 is divided by -2 + -2 + q + 4.
3
Suppose 1 + 4 = k. Suppose 0 = 4*x, -3 + 43 = k*y + x. Calculate the remainder when (-94)/(-14)*(-110 - -117) is divided by y.
7
Suppose -390*l + 213*l = -201*l + 3072. What is the remainder when 3196 is divided by l?
124
Calculate the remainder when ((-8)/(-44))/((-315)/55 - -6)*105 is divided by (-5)/(-2)*(-14 + 36).
15
Suppose 0 = 5*r - 23 + 3. Suppose -4*o + 1756 = -r*n, -o + 2*o = 2*n + 441. Let y = o - 301. Calculate the remainder when y is divided by 28.
24
Let u be 20/25*5 - (2 - 0). Suppose -43 - 179 = -u*p. Calculate the remainder when p is divided by 7.
6
Suppose 4589 = -12*f + 5645. What is the remainder when 175 is divided by f?
87
Let c(x) = -2 - 6*x + 0 - 1 + x**2 - x. Calculate the remainder when 20 - 10/(-4)*(-3 + 0 - -1) is divided by c(8).
0
Calculate the remainder when 89 is divided by (7 + -5 + 3)*(-9 - (14 + -28)).
14
Suppose -3*z + 28 = -5*n, 4*n + 0*n + 17 = -3*z. Suppose x - 15 = z. Let r = x - 11. Calculate the remainder when 8 is divided by r.
3
Suppose n = -2 + 4. Suppose 0 = 5*i + 25, -n*t + 2*i = t - 91. Calculate the remainder when 32 is divided by t.
5
Let f(v) = v**3 - 33*v**2 + 20*v - 47. Let b be f(33). Suppose b = 32*c + 37. What is the remainder when c is divided by 6?
0
Let x(k) = 2*k**2 - k + 14. Let g be x(-6). Let u = 98 - g. Let n(t) = t**2 + 9*t + 13. Calculate the remainder when n(-9) is divided by u.
1
Let b(r) = 30*r**2 + 7*r - 8. Let v be b(1). Suppose x = v*x - 1008. Let n(c) = c**3 + 11*c**2 + 9*c - 2. What is the remainder when x is divided by n(-10)?
4
Let t(s) = -s**3 - 15*s**2 - 2*s + 26. Let w be t(-15). Suppose g = 6*g - 45. Let d = w - g. Calculate the remainder when 90 is divided by d.
43
Let j = -49 - -51. Let y = -61 - -154. What is the remainder when y is divided by 46 - j/6*-3?
46
Let r(a) = 36*a - 95. Let w be r(-15). Let v = 797 + w. Calculate the remainder when v is divided by 14.
8
Let s = 1219 + -68. Suppose 25*w - s = -276. Calculate the remainder when 163 is divided by w.
23
Let f be 2 + (13 - 1) + -2. Suppose f*p = 11*p + 20. What is the remainder when p is divided by 11?
9
Suppose -3*n + 510 = -8*r, -298*r + 301*r = 0. What is the remainder when 499 is divided by n?
159
Let i(l) = -l**3 + 5*l**2 + 3*l + 20. Let m be i(6). Suppose 0 = -5*r + 2*h + 131, m*r + 4*h - 18 - 20 = 0. What is the remainder when 71 is divided by r?
21
Let z(i) = i**2 - 11*i + 21. Let m be z(12). Suppose -m*y + 372 = -585. Calculate the remainder when 58 is divided by y.
0
Suppose 0 = r - 4780 + 4239. Calculate the remainder when r is divided by 16.
13
Let x = 9 - 9. Suppose 5*n = -d + 50, n - 4*n - 4*d + 30 = x. Calculate the remainder when 37 is divided by n.
7
Suppose 38 = j - 5*g, -5*g + 27 = -j + 5*j. Suppose w - 17 + j = 0. Calculate the remainder when w/(-7) - (-3050)/70 is divided by 13.
4
Calculate the remainder when (1 - -243)/(((-23)/345)/(8/(-60))) is divided by 10.
8
Let r(w) = 194*w - 191. What is the remainder when 61 is divided by r(1)?
1
Let t(i) = -i**2 + 8*i + 3. Let y = -10 - -16. Let c(u) = -2*u**3 + 3*u**2 + 3*u + 3. Calculate the remainder when c(-2) is divided by t(y).
10
What is the remainder when ((-273)/26 - -12) + (-531)/(-2) is divided by 9?
6
Let s be (-7)/4 - 65/20. Calculate the remainder when (-839)/(-5) - (-3 + (-14)/s) is divided by 19.
16
Suppose -5*c + 9 + 6 = 0. Suppose -2*y = 3*v - 137, -5*y - c*v + 320 = -0*v. Let h = -686 + 719. Calculate the remainder when y is divided by h.
28
Suppose t - 10 - 30 = 0. Suppose -25*m = -39*m + 56. Suppose 2*p - 3*k - 33 = -m*k, -p + 13 = -3*k. Calculate the remainder when t is divided by p.
8
Suppose -u + 0*u = -41. Let l(t) = -t**3 + 66*t**2 + 211*t - 253. What is the remainder when u is divided by l(69)?
18
Suppose 27*c - 3686 = 8*c. Let f = -151 + c. Suppose -m - 2*m + 48 = 0. Calculate the remainder when f is divided by m.
11
Let k(u) = 4*u**2 - 2*u - 3. Let w(x) = -12*x - 75. What is the remainder when k(3) is divided by w(-7)?
0
Let t(x) = -x**3 + 7*x**2 + 88*x + 49. What is the remainder when t(-11) is divided by 27?
17
Suppose 153*h - 145*h = 224. Suppose -4*b + 297 = -343. Calculate the remainder when b is divided by h.
20
Let w(v) be the third derivative of 2*v**5/5 + v**4/24 + v**3 - v**2. Suppose 187*l = 177*l - 30. Calculate the remainder when w(l) is divided by 22.
21
Suppose 0 = 720*n - 723*n + 201. Calculate the remainder when 14134 is divided by n.
64
Let s(c) = 14*c**2 + 5*c + 1. Let l be s(1). Calculate the remainder when 97 is divided by l + 12 + 42/(-6).
22
Suppose 2*k - 8542 + 2883 = -5*d, -5*d + 3*k = -5674. Calculate the remainder when d is divided by 18.
17
Let g(l) = 149*l + 10. Calculate the remainder when g(2) is divide